uppose 5*a = h + 66, 0 = -2*a - 2*a + 3*h + 44. Suppose 17*n + a = 15*n. Let t(l) = 3*l**2 + 7*l - 3. What is the units digit of t(n)?
5
Let k = -85 - -79. Let t(y) = 22*y**2 + 6*y + 60. What is the hundreds digit of t(k)?
8
Let o(d) = -1249*d + 2542. What is the tens digit of o(-4)?
3
Suppose 0*b = 4*b - 18*b. Suppose f - 4*a - 10 = 2*f, 3*a + 1 = -4*f. Suppose b = 2*w + f*w - 1060. What is the tens digit of w?
6
Let h = 139 + -139. Suppose 3*n = 8*p - 4*p + 555, -5*p = h. What is the hundreds digit of n?
1
Suppose -66*w + 155230 + 167444 = 0. What is the thousands digit of w?
4
What is the thousands digit of (-41442636)/(-917) - (0 - 0 - (-25)/35)?
5
Let w(u) = -3688*u + 3200. What is the ten thousands digit of w(-4)?
1
Let y(v) = 359 + 279 - 749 + 38*v. What is the hundreds digit of y(17)?
5
Let p(l) = -3*l**2 + 3*l + 4. Let s be p(2). What is the units digit of (0 - s)*12870/44?
5
Suppose 0 = -4*g + 2*d + 56, -g + 64 = 4*g - 4*d. Let z be 207*g/(-12)*-1. Suppose -3*u + z - 15 = 0. What is the tens digit of u?
8
What is the tens digit of -11 + 10 + 3 + 9535?
3
Let y(w) = -w**3 + 5*w**2 + 14*w - 20. Let b be y(9). Let q = b - -488. What is the units digit of q?
0
Suppose 4*b + 3*x + 19 = 0, 4*b - 4*x = -0*b + 16. Let u(c) = 409*c**2 + 6*c + 4. What is the units digit of u(b)?
7
Let j(k) = -k**3 + 7*k**2 - 2*k + 11. Let x be j(5). What is the hundreds digit of (-9)/(-4)*3604/x?
1
What is the thousands digit of -26557*2/(-6) - (9 + (-87)/9)?
8
Let v = 510 + 261. What is the hundreds digit of v?
7
Suppose 838*u - 434265 = 799*u. What is the tens digit of u?
3
Suppose -5*p - 62558 = -6*n + 2*n, -n + 5*p + 15662 = 0. What is the hundreds digit of n?
6
Let p = -107 + 130. Let q(a) = 27*a - 23. What is the hundreds digit of q(p)?
5
Let a = 589 + -658. What is the units digit of a/((-8)/((-224)/(-90)) + 3)?
2
Let d = -65 - -64. Let f(w) = -8*w - 1. Let k be f(d). Suppose k*r = 78 + 706. What is the units digit of r?
2
Suppose -5*p = -4*p - 7. Suppose -9*w - 8 = -p*w. Let b(y) = 8*y**2 - 5*y - 8. What is the tens digit of b(w)?
4
Suppose -2*s = 16, -2*x + 27112 + 11784 = -s. What is the ten thousands digit of x?
1
Suppose 30 = 5*o, 0*i + 5*i = -4*o + 39. Let d be (3/4)/(2/328). Suppose 5*n + 169 = 4*q, i*q - 6*n = -3*n + d. What is the units digit of q?
6
Suppose 1346*d - 1307*d - 2865330 = 0. What is the hundreds digit of d?
4
Let m(d) be the second derivative of 263*d**4/12 + 5*d**3/6 + 13*d**2/2 - 75*d. What is the units digit of m(-2)?
5
Suppose -68*m + 72*m - 86480 = -4*c, 0 = 5*m - 3*c - 108156. What is the units digit of m?
7
Let p be (-2 + 14)/((-32)/2608). Let k = 1659 + p. What is the units digit of k?
1
Let s(j) = -j**3 + 3*j**2 - 10*j - 3. Let f be s(-4). Suppose 366 = 2*y - 4*o, 5*y + o - 766 - f = 0. What is the tens digit of y?
8
What is the units digit of (-5 + 7)*(-800856)/(-112)?
1
Let k(m) = 14*m**2 - 119*m + 77. What is the hundreds digit of k(41)?
7
Let v = 6655 + -5582. What is the tens digit of v?
7
Suppose 0 = -3*q + 4*a + 2704, 4*a - 3624 = -3*q - q. Let b = -640 + q. What is the units digit of b?
4
Let v be (-1 - 3)*(-1 + 644/16). Let d = v - -10. Let c = 252 + d. What is the units digit of c?
5
Let j be 2 + (-184)/(-3) + (-50)/(-75). Suppose -x - 4*x = 2*v - 73, 4*x - j = 4*v. Suppose x*t = 292 + 3338. What is the tens digit of t?
4
Suppose -2*t - 2 = 2, 4*t + 8 = -3*d. Suppose d = -m + 4*q + 2 + 358, 2*m + 4*q = 696. What is the units digit of m?
2
Let r = 689 + -1027. Let m = r + 385. What is the units digit of m?
7
Suppose 0*c = -3*c - 2*l + 36098, 0 = -c - l + 12031. What is the tens digit of 6/(-4)*c/(-34)?
3
Suppose 75 = 5*b - 5*p - 0*p, 4*p + 40 = 2*b. Suppose 8 = 2*y - 4*y. Let g = y + b. What is the units digit of g?
6
Suppose -2500802 = -105*q + 1183543. What is the ten thousands digit of q?
3
Suppose -55 = 76*n - 71*n. What is the tens digit of 16 + n + (-2871)/(-3)?
6
Let n(c) = 42*c**3 + c**2 - 7*c + 6. Let j be n(1). Suppose -5*i - 40*z = -j*z - 3555, -z = i - 711. What is the tens digit of i?
1
Suppose -o + 5*b = -24, -5*o - 5*b + 207 = -b. Let h = -37 + o. Suppose 3*v = h*v + 15. What is the tens digit of v?
1
Let u(v) = -v - 4. Let g be u(0). Let w be 2/g - (-1016)/16. Let z = -11 + w. What is the units digit of z?
2
Let x(r) = -6*r + 2*r**2 - 959*r**3 - 1 - 9*r**2 + 979*r**3. What is the tens digit of x(4)?
4
Let f(q) = -q**3 - q**2 - 4*q + 4. Let m be f(2). Let v = 13 + m. What is the hundreds digit of 460/(-6)*(27/6)/v?
1
Suppose -15*v - 7 - 53 = 0. What is the hundreds digit of ((-317)/4)/(5 - (-21)/v)?
3
Suppose -10*z = -14*z + 16. Let b(p) = -p**2 - 10*p + 11. Let w be b(-9). Suppose -z*x + 672 = -w. What is the units digit of x?
3
Let d(q) = -2*q**3 - q**2 + q + 1. Let a be d(-3). Let c = 49 - a. Suppose -c*o + 14 = o. What is the units digit of o?
2
Let i(g) = 6681*g**2 - 1260*g - 3778. What is the thousands digit of i(-3)?
0
Let k be (-1020)/(-39) + (-2)/13. Let u be 22/k + -1 - 11656/(-52). Let w = -115 + u. What is the hundreds digit of w?
1
Suppose -5*a + 4*b = -114549, 91632 = 4*a + 15*b - 17*b. What is the units digit of a?
5
Let i = -31591 - -53023. What is the ten thousands digit of i?
2
Let n(q) = 7*q**2 - 7*q + 37. Let f be n(7). Let j = 671 - f. What is the hundreds digit of j?
3
Let j = 76 + 170. Let r = j - 72. What is the hundreds digit of r?
1
Let p = -7152 - -22669. What is the thousands digit of p?
5
Let w(c) = -2*c. Let g(l) = 43*l + 24. Let f(a) = -g(a) - 6*w(a). What is the hundreds digit of f(-12)?
3
Let r(t) = 7*t**2 + 124*t + 923. What is the thousands digit of r(-43)?
8
Let w(m) = -6*m**3 + 6*m**2 + m + 49. Let u = 923 + -929. What is the tens digit of w(u)?
5
Let h = -77492 - -110685. What is the thousands digit of h?
3
Suppose -z - 27043 = -5*o, -4719 = -o + 3*z + 684. What is the thousands digit of o?
5
Let j be (1/2*-353)/((-15)/(-60)). Let p = j + 1235. What is the tens digit of p?
2
Suppose -h - 6 = 2*h. Let i be (h/2)/(4/(-20)). Suppose 3*g + 4*w - w = 204, -2*w + 349 = i*g. What is the units digit of g?
1
Suppose 100*n + 1817 = 508717. What is the units digit of n?
9
Let p be 30*1*63/35. Suppose -11*x + p = -2564. What is the hundreds digit of x?
2
Let z(c) = -19*c**3 - 15*c**2 + 46*c + 344. What is the ten thousands digit of z(-11)?
2
Suppose 2*t + 3*h + 10 = 21, t + 22 = 4*h. What is the units digit of ((-1)/9)/(t/9)*1122?
1
Suppose 0 = -2*u + 6*u - 2*v - 6282, -3*v - 4719 = -3*u. What is the units digit of u?
8
Let s be (1340/(-24) - (-6)/(-36))*-30. Let l = s - 936. What is the hundreds digit of l?
7
Let b(p) = 12*p + 7. Let u be b(3). Let l = 29 + u. Suppose -l = -5*o + 138. What is the units digit of o?
2
Let g = -12215 - -16748. What is the thousands digit of g?
4
Let f be 76552/(-70)*(-10)/4. Suppose -538 - f = -8*b. What is the units digit of b?
9
Let w = -50 + 57. Suppose -2*g = -w*g - 4*v + 1787, 2*g - 701 = 3*v. What is the tens digit of g?
5
Let u(t) = -t**2 + 30*t + 54. Let z be u(25). Suppose z*a = 183*a - 2504. What is the hundreds digit of a?
6
Suppose -151237 - 148775 = -12*g. What is the units digit of g?
1
Let u = -964 + 3302. What is the units digit of u?
8
Suppose 25 = -2*a + 45. Let k be (-8)/a*3105/(-18). Let d = k - 99. What is the units digit of d?
9
Let d(w) be the third derivative of 5/24*w**4 - 8*w**2 + 0*w + 0 - 47/6*w**3. What is the tens digit of d(20)?
5
Let w(i) = -3*i**3 - 2*i**2 - i + 2. Let x be w(-4). Let y = 111 + x. Let p = y + -111. What is the tens digit of p?
6
Let r = 150931 - 91497. What is the hundreds digit of r?
4
Let w = 10447 + -3795. What is the thousands digit of w?
6
Let k = 25203 - 12066. What is the units digit of k?
7
Let i be (7 - 4 - 3) + 2*1. Suppose -i*p = -7*p + 60. Suppose 0 = 4*r - p - 12. What is the units digit of r?
6
What is the tens digit of (-302425)/(-50) - (-35)/(-10)?
4
Let p = 5402 + -1300. Suppose -85 = 13*m - p. What is the units digit of m?
9
Let i(g) = 7*g + 25. Let v be i(-3). What is the hundreds digit of (969/6)/(v/8)?
3
What is the thousands digit of (-8)/6 - (-6 + (-2394736)/48)?
9
Let g(t) = t**3 + 88*t**2 + 165*t + 93. What is the units digit of g(-73)?
3
Let p(a) = 16289*a**2 + 49*a + 2. What is the hundreds digit of p(-1)?
2
Let q = 343 + -173. Let j be q/(-15)*1*-6*1. Let v = 8